
List the prime factors of 105707305.
5, 11, 149, 12899
List the prime factors of 655549935.
3, 5, 43703329
What are the prime factors of 41898145?
5, 1063, 7883
List the prime factors of 262348714.
2, 73, 251, 7159
List the prime factors of 109239641.
7, 229, 68147
List the prime factors of 24787095.
3, 5, 47, 35159
List the prime factors of 126611984.
2, 47, 101, 1667
List the prime factors of 88563956.
2, 13, 59, 28867
What are the prime factors of 2280770607?
3, 760256869
What are the prime factors of 1256199504?
2, 3, 7, 1543, 2423
List the prime factors of 929352175.
5, 17, 823, 2657
What are the prime factors of 151375574?
2, 7, 73, 2029
List the prime factors of 166476010.
2, 5, 193, 86257
List the prime factors of 389984453.
389984453
List the prime factors of 45368108.
2, 11342027
What are the prime factors of 57143219?
7, 827, 9871
What are the prime factors of 552529763?
552529763
What are the prime factors of 1715152203?
3, 190572467
List the prime factors of 338487982.
2, 7, 79, 43721
What are the prime factors of 2490480?
2, 3, 5, 1153
List the prime factors of 155238186.
2, 3, 17, 211, 7213
List the prime factors of 61232054.
2, 13, 2355079
List the prime factors of 119290262.
2, 7, 13, 293, 2237
List the prime factors of 36388075.
5, 17, 85619
List the prime factors of 3575239693.
3575239693
List the prime factors of 224340692.
2, 631, 88883
What are the prime factors of 609841799?
7, 17, 191, 3833
List the prime factors of 137793971.
7, 4391, 4483
What are the prime factors of 44255702?
2, 929, 23819
List the prime factors of 91857495.
3, 5, 19, 31, 37, 281
What are the prime factors of 338689209?
3, 112896403
List the prime factors of 54372700.
2, 5, 53, 10259
What are the prime factors of 205932249?
3, 223, 102607
What are the prime factors of 196197085?
5, 7, 17, 199, 1657
What are the prime factors of 27025014?
2, 3, 71, 63439
What are the prime factors of 638679429?
3, 70964381
List the prime factors of 430700380.
2, 5, 11, 1957729
List the prime factors of 139171044.
2, 3, 17, 197, 3463
What are the prime factors of 183367509?
3, 13, 4701731
List the prime factors of 1844891949.
3, 614963983
List the prime factors of 372669476.
2, 31, 37, 43, 1889
List the prime factors of 59248294.
2, 7, 47, 127, 709
List the prime factors of 36800525.
5, 1472021
List the prime factors of 28408192.
2, 19, 11681
What are the prime factors of 161408645?
5, 32281729
List the prime factors of 710921032.
2, 8161, 10889
What are the prime factors of 17578484?
2, 7, 11, 57073
List the prime factors of 223218981.
3, 24802109
List the prime factors of 5364214488.
2, 3, 5821, 12799
List the prime factors of 1651008435.
3, 5, 43, 2559703
List the prime factors of 40303370.
2, 5, 19, 212123
What are the prime factors of 140761211?
2503, 56237
List the prime factors of 476112404.
2, 17, 7001653
List the prime factors of 1626111071.
13, 9621959
What are the prime factors of 2468479897?
13, 6971, 27239
List the prime factors of 1201962.
2, 3, 163, 1229
List the prime factors of 223171799.
223171799
List the prime factors of 522964456.
2, 7, 1334093
What are the prime factors of 2294519783?
2294519783
What are the prime factors of 918949776?
2, 3, 19144787
List the prime factors of 68970898.
2, 1039, 33191
What are the prime factors of 549284449?
7, 78469207
What are the prime factors of 5808474?
2, 3, 7, 46099
List the prime factors of 10329498.
2, 3, 197, 971
List the prime factors of 38610899.
811, 47609
What are the prime factors of 1170414451?
29, 37, 509, 2143
What are the prime factors of 213585973?
19, 173, 181, 359
What are the prime factors of 36116182?
2, 18058091
What are the prime factors of 843767115?
3, 5, 56251141
What are the prime factors of 3102623650?
2, 5, 7, 131, 1381
What are the prime factors of 273364193?
3049, 89657
List the prime factors of 448832267.
13, 5659, 6101
List the prime factors of 189972698.
2, 94986349
What are the prime factors of 281022004?
2, 23, 3054587
What are the prime factors of 49195341?
3, 13, 61, 113
List the prime factors of 4095562664.
2, 511945333
List the prime factors of 16688994.
2, 3, 7, 397357
List the prime factors of 6774821408.
2, 5791, 36559
List the prime factors of 7198704933.
3, 7, 19, 23, 719, 1091
List the prime factors of 3978810386.
2, 15359, 129527
What are the prime factors of 170928499?
7, 2953, 8269
List the prime factors of 1067542.
2, 7, 76253
List the prime factors of 71073075.
3, 5, 947641
What are the prime factors of 1489056?
2, 3, 15511
What are the prime factors of 250891423?
17, 41, 59, 6101
What are the prime factors of 2056991477?
6379, 322463
List the prime factors of 45666550.
2, 5, 913331
What are the prime factors of 24713813?
19, 1300727
What are the prime factors of 13501905?
3, 5, 337, 2671
What are the prime factors of 1210252649?
149, 8122501
List the prime factors of 626363322.
2, 3, 13, 2357, 3407
What are the prime factors of 1289337928?
2, 161167241
What are the prime factors of 432096520?
2, 5, 29, 372497
List the prime factors of 10991172.
2, 3, 73, 12547
What are the prime factors of 194558308?
2, 7, 83, 83717
What are the prime factors of 158691779?
37, 1613, 2659
List the prime factors of 31339564.
2, 7834891
What are the prime factors of 100906078?
2, 7, 13, 61, 149
List the prime factors of 10498429.
31, 338659
List the prime factors of 49880797.
929, 53693
List the prime factors of 10551511.
10551511
What are the prime factors of 124000528?
2, 101, 76733
What are the prime factors of 123028828?
2, 13, 373, 6343
List the prime factors of 25506729.
3, 163, 17387
What are the prime factors of 61597371?
3, 11, 43, 83, 523
What are the prime factors of 2677301246?
2, 23, 58202201
List the prime factors of 25034343.
3, 19, 439199
What are the prime factors of 302965990?
2, 5, 37, 818827
What are the prime factors of 286959832?
2, 941, 38119
What are the prime factors of 2201817099?
3, 10601, 69233
List the prime factors of 352021332.
2, 3, 13, 911, 2477
What are the prime factors of 322344385?
5, 11, 5860807
List the prime factors of 32225151.
3, 7, 31, 59, 839
List the prime factors of 288141063.
3, 7, 31, 499, 887
What are the prime factors of 1058405757?
3, 37, 73, 130619
List the prime factors of 212354441.
13, 16334957
What are the prime factors of 127139896?
2, 13, 1222499
List the prime factors of 129617610.
2, 3, 5, 599, 7213
What are the prime factors of 228211754?
2, 179, 637463
List the prime factors of 113346572.
2, 4409, 6427
What are the prime factors of 481416404?
2, 7, 17, 23, 43973
List the prime factors of 8622707005.
5, 11, 53, 397, 7451
List the prime factors of 295126007.
11, 163, 164599
List the prime factors of 16648465.
5, 19, 29, 6043
What are the prime factors of 1053889524?
2, 3, 53, 552353
List the prime factors of 60833981.
13, 4679537
What are the prime factors of 155177907?
3, 41, 419, 3011
List the prime factors of 19165264.
2, 1197829
List the prime factors of 3084043283.
281, 10975243
What are the prime factors of 521287297?
521287297
What are the prime factors of 846367696?
2, 199, 265819
List the prime factors of 386636784.
2, 3, 271, 29723
List the prime factors of 234329309.
17, 29, 41, 11593
What are the prime factors of 178459999?
17, 383, 27409
What are the prime factors of 108533605?
5, 19, 199, 5741
List the prime factors of 697351443.
3, 232450481
What are the prime factors of 11220287?
13, 37, 23327
List the prime factors of 42487151.
7, 1979, 3067
What are the prime factors of 62550663?
3, 7, 229, 13007
What are the prime factors of 650327017?
20023, 32479
List the prime factors of 2644292182.
2, 7, 188878013
What are the prime factors of 1104881661?
3, 13, 109, 28879
List the prime factors of 2237603855.
5, 389, 887, 1297
What are the prime factors of 42132060?
2, 3, 5, 234067
List the prime factors of 851862780.
2, 3, 5, 47, 100693
List the prime factors of 21824813.
2531, 8623
List the prime factors of 13774960.
2, 5, 233, 739
What are the prime factors of 606943492?
2, 53, 2862941
What are the prime factors of 855702502?
2, 101, 857, 4943
List the prime factors of 203425729.
13, 47, 223, 1493
List the prime factors of 2543106822.
2, 3, 15137, 28001
What are the prime factors of 1788406626?
2, 3, 29, 